by (8 + 12)*(-12)/(-10).
22
Suppose -5*g + 165 = -5*u, 2*u + 95 = 3*g - 0*g. What is the remainder when g is divided by 16?
13
Let v(q) = 3*q - 47. Suppose 3*t + r - 70 = 3*r, 3*t - 3*r - 66 = 0. What is the remainder when t is divided by v(18)?
5
Suppose -n = 3*n - 56. Let q = -9 - -34. What is the remainder when q is divided by n?
11
Suppose 4*z = -4*j + 20, 2*j + 4*z + 4 - 16 = 0. Let l be (4 + -3)*j/2. Suppose -l*b - 2*b = -92. What is the remainder when b is divided by 8?
7
Let k(t) = -3*t - 6. Let j be k(-4). Let h = 45 - j. What is the remainder when h is divided by 14?
11
Suppose 8 = -0*d + 4*d. Let h(o) = 3*o + 38. What is the remainder when d is divided by h(-12)?
0
Suppose -2*u = -4*d - 20 - 26, 0 = 3*u - 5*d - 65. Let t(p) = -p**3 - 2*p**2 - 2*p. Calculate the remainder when u is divided by t(-2).
3
Suppose r - 27 = -2*r. Let f(x) = -2*x + 11. Let m be f(5). Let w(b) = 34*b - 1. Calculate the remainder when w(m) is divided by r.
6
Suppose 12*d = -10*d + 572. Calculate the remainder when d is divided by 15.
11
Let b(r) = 3*r - 2*r - 11 - 2*r + 3. What is the remainder when 17 is divided by b(-13)?
2
Let d be ((-6)/9)/((-2)/6). Let w be 3/((0 + -1)*-1). Suppose -w*v = 5*x - 16, 0 = -d*x - 4 + 2. Calculate the remainder when 12 is divided by v.
5
Let y = -711 - -1042. Calculate the remainder when y is divided by 67.
63
Suppose 4*j - 8 = -4*m, m - 17 = -4*j - 0*m. Let z(s) = -69*s - 4 + 35*s + 36*s. Calculate the remainder when z(j) is divided by 4.
2
Let m(i) = 3*i + 15. Calculate the remainder when 58 is divided by m(5).
28
Let q(y) = y + 5. Let r be q(-6). Let p be (3 - 1) + 1 + r. Let l = 21 + p. Calculate the remainder when 67 is divided by l.
21
Let c(j) be the second derivative of j**3/6 + 13*j**2/2 - 3*j. Calculate the remainder when 10 is divided by c(-9).
2
Suppose -8 = -z + 35. What is the remainder when z is divided by 9?
7
Let r(f) = 2*f**2 + 3*f - 1. Let q be r(-3). Let v = q - 5. Suppose -5*n + 2*p = 5*p - 30, 4 = v*n - p. Calculate the remainder when 7 is divided by n.
1
Let j be (3/(-12))/(2/(-8)). Suppose b - 3 = j. Calculate the remainder when 10 is divided by b.
2
Suppose -4*f = g - 11, f - 2*g + 3 = -1. Suppose -k + 4 = f. What is the remainder when (-3)/(-6)*(12 + -2 + 4) is divided by k?
1
Suppose 2*a - 6*a = -180. Suppose a = -l + 4*l. Calculate the remainder when l is divided by 9.
6
Let w = 11 - -2. Let c = 0 - -4. Suppose 5*p + 2*j = 110, -3*p + c*p + 5*j = -1. What is the remainder when p is divided by w?
11
Suppose -8 = f - 5*f. What is the remainder when ((-5)/3 + 2)/((-23)/(-414)) is divided by f?
0
Suppose -2*k + 3*i - 5*i + 4 = 0, -5*k - 2*i + 4 = 0. Suppose 0 = -4*c - 4*q - 8, 4*c + 0*c + 2*q = k. Calculate the remainder when 3 is divided by c.
1
Let q = 92 - 86. Calculate the remainder when (-312)/(-18) + 2/(-6) is divided by q.
5
Suppose -j + 21 = 7*q - 4*q, -3*q = -2*j + 15. Calculate the remainder when 55 is divided by j.
7
Let a(g) = g**3 - 4*g**2 + 2*g - 9. What is the remainder when 179 is divided by a(5)?
23
Suppose 3*x = -2*f + 68, -3*f - 3*x = -70 - 29. Suppose 2*b = -4*q + 150, 34 = 2*q - b - f. What is the remainder when 67 is divided by q?
32
Let f = -47 + 72. Let o(w) = -w**3 + 6*w**2 - 2*w - 6. Calculate the remainder when f is divided by o(5).
7
Suppose 2*v - 8 = -0*v. Suppose -5*q + 39 = -16. What is the remainder when q is divided by v?
3
Let z(b) = -b - 5. Let p be z(-7). Suppose 13 = p*h - 1. What is the remainder when 27 is divided by h?
6
Let d(i) = i**2 - i - 2. Let t = -54 + 89. Calculate the remainder when t is divided by d(5).
17
Suppose -2*v + 0*z = 2*z - 178, 0 = v + 5*z - 97. Calculate the remainder when v is divided by 18.
15
Suppose 5*h - 328 = 2*z, -4*h - 2*z + 0*z + 266 = 0. Calculate the remainder when h is divided by 18.
12
Let s = 21 - 10. Suppose 0 = w - 2*w. What is the remainder when 21/(-3)*(-3 + w) is divided by s?
10
Let s(p) = p**2 + 8*p + 9. Let x be s(-7). Suppose 4*r + 0 + 2 = x*d, -3*d + 3*r = -18. Calculate the remainder when 19 is divided by d.
8
Let r(k) = 8*k**3 - 2*k**2 + 1. Let x be r(-2). Let y = -29 - x. Suppose 4*l = y + 2. Calculate the remainder when 31 is divided by l.
9
Suppose 5*z = 6*z - 1, 117 = 2*q + 3*z. What is the remainder when q is divided by 31?
26
Let n(l) = l + 2. Let m = 14 + -7. What is the remainder when 17 is divided by n(m)?
8
Let x be (-2)/3*12/8. Let f(c) = -c**2 + 10*c - 2. What is the remainder when f(7) is divided by (x - -2)/((-4)/(-40))?
9
Suppose -52*m + 55*m - 48 = 0. What is the remainder when 78 is divided by m?
14
Let u(s) = 2*s**2 + 5*s + 5. What is the remainder when 28 is divided by u(-3)?
4
Let b(x) = 2*x**2 + 3*x + 10. Let s be b(7). Suppose 2*a - 33 = -5*j + s, j = -3*a + 35. Calculate the remainder when j is divided by 11.
10
Let y(u) = 5*u + 2. Let p(j) = -j - 2. Let l be p(-5). Let g be y(l). Suppose -3*i + g + 7 = 0. Calculate the remainder when i is divided by 5.
3
Let z(l) = l + 2. Calculate the remainder when 24 is divided by z(11).
11
Let n(q) = 9*q + 1 - 4 + 13*q. Let v = 65 - 51. What is the remainder when n(2) is divided by v?
13
Let v(o) = -6*o**2 + 17*o - 4. Let q(f) = -4*f**2 + 11*f - 3. Let j(d) = -8*q(d) + 5*v(d). Calculate the remainder when 36 is divided by j(3).
10
Suppose -3 = -4*f + 9. Suppose -f*p + 8 = -2*p. Suppose p*y - 100 = 3*y. What is the remainder when y is divided by 11?
9
Suppose z - 2*g - 116 = -3*z, -z - 3*g + 36 = 0. Calculate the remainder when 149 is divided by z.
29
Let u(s) = s**2 - 2*s - 19. Calculate the remainder when 38 is divided by u(-5).
6
Let f = 6 - 14. Let y = f - -18. Calculate the remainder when 18 is divided by y.
8
Let u(l) = -l**3 + 3*l**2 + 4*l + 1. Let g be u(4). Calculate the remainder when 62/g*(-3)/(-6) is divided by 16.
15
Suppose -2*g - 2*g + 120 = 0. Let l = g + 13. Calculate the remainder when l is divided by 11.
10
Calculate the remainder when 59 is divided by (-440)/66*3/(-2).
9
Let f(w) be the first derivative of w**4/4 + 8*w**3/3 - 5*w**2 + 1. Calculate the remainder when 26 is divided by f(-9).
8
Suppose x + 45 = 4*x. Suppose -3*h + 8 = -10. Suppose h + 3 = f. What is the remainder when x is divided by f?
6
Let w(j) = j - 3*j + 3*j. Let f be w(2). Suppose -f*g + 6*g = 60. What is the remainder when 29 is divided by g?
14
Suppose 3*q - 2*o - 22 = 21, 2*q = 5*o + 25. Suppose 3*a + q = 66. What is the remainder when 32 is divided by a?
15
Suppose 5 = -3*r + 17. Suppose -r*x + 113 = -75. Calculate the remainder when x is divided by 16.
15
Let h(v) = -7*v - 53. What is the remainder when h(-11) is divided by (0 + 1)*1*9?
6
Suppose 4*l - 43 = -3*w - 0, 3*w - 29 = -2*l. Let h(k) = -k - l + k - 3*k. What is the remainder when 32 is divided by h(-6)?
10
Let o(d) = 4*d - 2. Let x be o(3). Suppose -2*g + i + 8 = 0, -g + i + x = 2*g. Calculate the remainder when g is divided by 8/16*(3 - 1).
0
Let d be ((-20)/(-25))/(2/(-5)). Let c = d + 12. What is the remainder when 39 is divided by c?
9
Let j = 3 + 16. Let u = 8 + -6. Suppose -u*z = l - 2*l - 23, -3*l + 11 = 2*z. What is the remainder when j is divided by z?
9
Suppose -2*a + 0*a - 2 = 0. Let z(d) = 16*d**2 - d - 1. Suppose 142 = 4*k - l + 22, 5*l - 175 = -5*k. What is the remainder when k is divided by z(a)?
15
Let g(c) = -c**2 - c + 3. Let i = 120 - 115. What is the remainder when i is divided by g(0)?
2
Let q = 341 - 329. Let t = -186 - -322. What is the remainder when t/(-6)*3/(-2) is divided by q?
10
Let a = -165 - -254. Let m = a + -40. Calculate the remainder when m is divided by (1/(-1))/((-1)/17).
15
Suppose -x - 8 = 4. Let i(d) = d**3 + 6*d**2 - 3*d - 8. What is the remainder when (-333)/x - 1/(-4) is divided by i(-6)?
8
Let h(o) = 14*o + 2. Let x be h(-2). Let m = -15 - x. Calculate the remainder when 19 is divided by m.
8
Suppose 0 = -10*f + 95 + 95. Calculate the remainder when 25 is divided by f.
6
Suppose 2*z - 33 = t + 5, -3*z - 5*t + 83 = 0. Let y = -13 - -27. Let f = z - y. Calculate the remainder when 13 is divided by f.
6
Let k(d) = -2*d**2 - 2*d + 30. Let l = 0 - -8. What is the remainder when k(0) is divided by l?
6
Suppose -171 = -4*q + 109. Let b = 157 - 139. What is the remainder when q is divided by b?
16
Let b = -40 + 62. Let p = -30 + 42. What is the remainder when b is